 u - t = -0*u. Suppose u*j - z = j. List the prime factors of j.
2, 11
Let p(b) = 14*b + 43. List the prime factors of p(10).
3, 61
Suppose -u = -3*u + 6. List the prime factors of (-2 + 6)/(2/u).
2, 3
Let z = 0 - -2. List the prime factors of z.
2
Let l = 27 - 11. List the prime factors of l.
2
Let o(y) = 2*y**2 - 2*y - 6. Let r be o(6). Let h = r + -36. List the prime factors of h.
2, 3
Suppose -4*h - 41 = -17. Let x = 19 + h. List the prime factors of x.
13
What are the prime factors of (-10)/(100/(-2770)) + 4 + 0?
281
Let l be 4/(-4) + (-8)/(-2). Suppose -l = -3*d + 15. Suppose k + 80 = d*k. List the prime factors of k.
2
Let s = -408 + 654. What are the prime factors of s?
2, 3, 41
Suppose 0 = -4*u + 31 + 37. Let q = -4 + 3. Let o = u + q. What are the prime factors of o?
2
Let f(g) = -g**2. Let c(m) = 2*m**2 + 2. Let b(z) = -c(z) - 3*f(z). Let n be (-2)/((3/(-3))/(-1)). List the prime factors of b(n).
2
Let d(b) = -8*b**3 - b**2 + 1. Let k be d(-1). Let i = k - 4. What are the prime factors of i?
2
Let k(r) = r**2 - 16*r + 22. Let s be k(16). List the prime factors of s - 5/(20/8).
2, 5
Suppose 2*o = 9 + 31. Suppose 3*v = -2*v + o. Suppose 7 = v*u + 3*r - 13, 5*u - 2*r - 25 = 0. List the prime factors of u.
5
Let k(o) = -26*o + 2. Suppose j - 1 = 0, 3*z + 4 = 2*z + 3*j. List the prime factors of k(z).
2, 7
Let x be (-92)/(-20) - 3/5. Suppose x*r - 20 - 68 = 0. What are the prime factors of r?
2, 11
Suppose -4*y + 6 = -2. Let u be 15/1 + 6/y. Suppose -2*b - 2*c = -u, -c = b + b - 17. List the prime factors of b.
2
Suppose 4*a - 3*h + 2*h - 390 = 0, 4*a + 2*h = 384. Suppose 5*l - 1 - 146 = -3*t, -3*l - 4*t = -a. List the prime factors of l.
3
Let u = -267 + 468. What are the prime factors of u?
3, 67
Suppose -30 = -5*u + 5*d, 4*u + 5*d = -0 - 12. Suppose 0 = u*c + 3*c - 120. Let x = c + -17. What are the prime factors of x?
7
Let u(h) = -2*h - 6. Let r be u(-4). Suppose 5 = k - 4*g, -r*k - 2*g = -5*k + 15. List the prime factors of k.
5
Suppose 106 = 5*g - c, -2*g - c + 32 = -4*c. What are the prime factors of g?
2, 11
Suppose 3*w + 25 = 2*t, 22 = -2*w + 2*t + 2. List the prime factors of 126/5 - (-1)/w.
5
Suppose -n - 12 = -3*n. List the prime factors of n + -1 - (0 - 0).
5
Suppose 3*g - 5 = 19. Suppose -r + 3*s + g = 0, 0*s - 2*s + 2 = 0. List the prime factors of r.
11
Let w = 9 - -33. What are the prime factors of w?
2, 3, 7
Let v(m) = -m. Let x be v(-6). Let l(t) = -t**3 + 7*t**2 - 7*t + 8. What are the prime factors of l(x)?
2
Suppose -c - 19 + 3 = -2*t, -t + 8 = c. List the prime factors of t.
2
List the prime factors of 8/(-7) + 1 + 565/35.
2
List the prime factors of (-32)/(-3 - (-10)/4).
2
Suppose -5 + 12 = w. List the prime factors of w.
7
Suppose -c - 2*c + 100 = -5*d, 5*d - 75 = -4*c. What are the prime factors of c?
5
Let z(t) = 10*t**2 + 2*t - 1. What are the prime factors of z(-3)?
83
Suppose 4*z = -8 + 60. Suppose -11 = 3*t + z. Let l = 11 + t. List the prime factors of l.
3
Let o(m) = 7*m**2 - 7*m + 8. Let u = 1 - -2. What are the prime factors of o(u)?
2, 5
Let w(u) = -5*u**3 + 2*u**2 + 2*u - 3. Let g be w(2). Let c = 86 + -101. Let s = c - g. What are the prime factors of s?
2
Let s = 1 + 10. Let f = 19 - s. What are the prime factors of f?
2
Suppose -2*a + 4*a - 6 = 0. Let i be (-8)/(-3)*(a - 6). Let n = i + 13. List the prime factors of n.
5
Suppose 3*g + 12 = 6*g. Let c(p) = p**2 + 2*p + 2. Let t be c(3). Suppose -2*a = g*k - 25 - 29, -a - t = -2*k. List the prime factors of k.
11
Let v be (-16)/9 + 2/(-9). Let f(u) = 1. Let n(d) = -4*d + 8. Let o(l) = -8*f(l) + n(l). List the prime factors of o(v).
2
Let n = 117 - 215. What are the prime factors of 1/((-2)/n) + 1?
2, 5
Let n be 12/9 + 114/9. Let l = n + -11. List the prime factors of l.
3
Suppose 2*w + 0*w + 4*n = 18, 0 = 5*w - 4*n - 31. List the prime factors of w.
7
Let m be 44 - (2/2 - 0). Suppose -m = -5*d - 0*c - c, -5 = -d + c. Let h = -4 + d. What are the prime factors of h?
2
Let u = -12 + 16. List the prime factors of u.
2
Let q(l) = -l**2 + 10*l - 4. Suppose 2*k + 3*r - 5 = 0, 0 = -5*k - 3*r + 14 + 3. List the prime factors of q(k).
2, 5
Let p be (-1 + -5)/(1 + -3). Suppose -4*n + l + 3*l + 24 = 0, l = -2*n + p. List the prime factors of n.
3
Suppose 3*z + 2*z - 5*p = -410, 3*z = 4*p - 242. What are the prime factors of z/(-8) + 6/24?
11
Suppose 2*u - 35 = -r, 6*r - 3*r - 89 = -5*u. Suppose -5*n + 4*n + u = 3*d, 0 = -3*n + d - 2. List the prime factors of (n*-2)/(-2) - -10.
11
Suppose -3*i = 5*r + 2*i - 20, -i + 36 = 5*r. Let g = r - -7. What are the prime factors of g?
3, 5
Let i = -1 - -25. Let k = -12 + i. List the prime factors of k.
2, 3
Let o(z) = 12*z**2 - 3*z + 1. List the prime factors of o(-3).
2, 59
Suppose -r + 7 = -3*a, 2*a = -3*a - 2*r - 19. Let t = a + 8. What are the prime factors of t?
5
Suppose k - 5*m = 11, 4*m + 7 - 63 = -k. List the prime factors of k.
2, 3
Suppose -2*m = 4 - 14. Suppose m = z - 12. What are the prime factors of z?
17
What are the prime factors of (-32 - (1 + 1))*(-8 - -6)?
2, 17
Let r(p) = -p**2 + 8*p. Let s be r(8). Suppose l - 17 = -s. What are the prime factors of l?
17
Let a = 65 + -27. List the prime factors of a.
2, 19
Let z(x) = x**3 + 3*x**2 + 3*x + 4. Let b be z(-3). Let a be (12/(-15))/(2/b). Let d = a - -2. List the prime factors of d.
2
What are the prime factors of -3 - (-1168)/(-5 - -9)?
17
Suppose -2*g = 4*s - 0 - 14, -5 = -5*g - 4*s. Let o be 13/g + (-10)/15. Let r = o + 13. List the prime factors of r.
2
What are the prime factors of (-1)/((6/2192*4)/(-3))?
2, 137
Let i = 654 - 312. What are the prime factors of i?
2, 3, 19
Let r = 3 - 41. Let x = 63 + r. What are the prime factors of x?
5
What are the prime factors of ((-44)/(-2))/((-5)/(-20))?
2, 11
Suppose -i = -f - 5, 8 = -5*f + i + 3. Suppose -b + 30 = 4*t - f*b, 4*b = 5*t - 48. What are the prime factors of t?
2
Suppose 0 = 8*r - 2*r - 216. List the prime factors of r.
2, 3
Let h = 16 + -27. Let n = -3 - h. List the prime factors of n.
2
Let t(q) = 7*q**2 - q + 3. Let p(y) = 8*y**2 - y + 3. Let a(s) = -6*p(s) + 7*t(s). What are the prime factors of a(3)?
3
Let h(g) = -5*g + 0 + 0 + 0 - 1. What are the prime factors of h(-4)?
19
Suppose 5*s - 2*x - 767 = -4*x, -2*x = 8. List the prime factors of s.
5, 31
Let z = 3 - 15. What are the prime factors of (15/z)/((-3)/12)?
5
Let s = -19 - -12. Let f = 29 + -18. Let j = f + s. What are the prime factors of j?
2
Let o(h) = h**3 + 4*h**2 + 2*h + 1. Let d be o(-2). Let m(v) = -4*v**3 - d + 5*v + 7*v**2 + 5*v**3 + 4. What are the prime factors of m(-6)?
5
What are the prime factors of 4 - 0/(-3) - -13?
17
Let r = 25 + -16. List the prime factors of r.
3
Suppose 0 = -3*m - 0*m + 84. List the prime factors of m.
2, 7
Let n(x) = -3*x - 2*x + 9*x - 3. Let j be n(2). Suppose 4*h + q = j*h - 17, q = 2*h - 30. What are the prime factors of h?
13
Let i(s) = -s**3 + 2*s**2 + 4*s - 4. Let o be i(3). Let k = o + 2. What are the prime factors of 3/3*(k - -2)?
3
Suppose 3 = 4*c - 4*u - 1, 23 = -5*c - 2*u. Let s(r) = -r + 2*r - 1 + 4 - 4*r. What are the prime factors of s(c)?
2, 3
Suppose 4*t = -0*t - 16. Let j be 2/t + (-126)/12. What are the prime factors of j/(-1) + -1 + 0?
2, 5
Let u = 6 - 7. Let f be 2 - u - 15*-2. Let p = -18 + f. What are the prime factors of p?
3, 5
Suppose s = -3*s + 92. Suppose 0*t + 3*t = -o + s, t + 3*o - 5 = 0. List the prime factors of t.
2
Let o(c) = 3*c**3 + 5*c**2 + 4*c. Let x be o(-3). List the prime factors of (-4 + -4 + 7)*x.
2, 3
Let n be (-75)/(-27) - (-4)/18. Suppose 5*c = n*w + 11 - 47, -w - c = -12. List the prime factors of w + 0/(0 - 1).
2, 3
Let f(t) = t + 7. Let b be f(0). Suppose -2 = -x + b. List the prime factors of x.
3
Suppose -27*i + 24*i + 219 = 0. List the prime factors of i.
73
Suppose 2*h + 2*q - 6 = -2*h, 5*h = -4*q + 12. Suppose h = -2*g - 4*i, 0*g + 2*g - 40 = 4*i. What are the prime factors of g?
2, 5
Suppose 3*y + 24 = -y. List the prime factors of (-6)/(-4)*(-8)/y.
2
Suppose 5*x - 265 - 110 = 0. Suppose -3*k - 2*k = -x. What are the prime factors of k?
3, 5
Suppose 0*a - 151 = -2*a - 3*w, -4*a - 3*w + 287 = 0. What are the prime factors of a?
2, 17
Let f = -75 - -142. Let a = -36 + f. List the prime factors of a.
31
Let i(a) = 9*a - 7*a + 7*a + 6 - a**3 +